 of u and 8.
8
Suppose 4*i = -4*s + 200, 0*i = s - 4*i - 75. Suppose 4*g - 95 = -7. What is the greatest common factor of g and s?
11
Suppose 2*x + r - 10 = 2*r, 17 = 3*x - 2*r. Suppose 11 = x*u - 28. Let p be 4/(-6) - 472/(-6). What is the greatest common factor of u and p?
13
Let l be 12/10*3*440/99. Calculate the highest common factor of l and 376.
8
Suppose 0*y = 4*j + 5*y + 40, y = -3*j - 19. Let b be 1 + ((-8)/(-4) - j). Calculate the highest common divisor of 40 and b.
8
Let n(a) = -18*a - 313. Let q be n(-18). Suppose -2*g + 0*g - s = -129, 3*g - 189 = -3*s. Calculate the highest common divisor of q and g.
11
Let v be (-175)/20 - -9 - 1917/(-12). What is the highest common divisor of v and 32?
32
Suppose -2463 = -33*c - 813. What is the highest common divisor of c and 120?
10
Suppose 12*r + 2250 = -3*r. Let p = 177 + r. Calculate the highest common factor of p and 27.
27
Let n(i) = i**3 + 5*i**2 - 5*i - 5. Let a be n(5). Suppose -9 = 2*w - 23. Let h(c) = 4*c - 6. Let p be h(w). Calculate the greatest common divisor of p and a.
22
Let q(h) = h**2 - h - 10. Let n be q(7). Suppose k - 98 = -4*p + 6*p, 0 = -k + 3*p + 99. What is the highest common factor of n and k?
32
Let f = -327 + 714. What is the greatest common factor of 43 and f?
43
Let d = 105 - 34. Suppose -27*p + 682 = -155. Let z = d - p. Calculate the highest common divisor of 16 and z.
8
Let h = -108 + 119. Let i = 7 + 4. Calculate the highest common factor of i and h.
11
Suppose 2*g - 110 = -4*k, -k + 3*k = 4*g + 80. Let u = -6 + 36. What is the highest common factor of u and k?
30
Let t = 324 + -234. Suppose -u + 2*j + 12 = 0, -4*u = 5*j - 56 - 31. What is the greatest common divisor of u and t?
18
Suppose -5*q + 141 - 1 = 0. Let a = q - 21. What is the highest common factor of 49 and a?
7
Let w(l) = l + 43. Suppose -6*q = -12*q - 60. Let p be w(q). What is the highest common divisor of 22 and p?
11
Let s be -2 + 53 + (2 - 1). Let v be 3/6 - (-77)/22. What is the greatest common factor of v and s?
4
Let h be 50/7 - 7/49. Suppose -v = -h - 0. Calculate the highest common factor of v and 77.
7
Let i(y) = 24*y + 2. Let n(l) = l. Let q(r) = -2*i(r) + 10*n(r). Let v be q(-2). What is the greatest common divisor of 8 and v?
8
Let a(s) = -s**3 - 4*s**2 - 4*s - 1. Let c be a(-3). Suppose c*i - 15 = i. Let k = -543 - -588. What is the highest common divisor of k and i?
15
Let z be ((-6)/(-4) - 1)/(-8*8/(-6272)). Let t = -7 + 0. Let v be (t + -1 + 1)/(-1). What is the highest common factor of z and v?
7
Let w(a) be the third derivative of -3*a**6/40 + a**4/24 + a**3/6 - 6*a**2. Let z be w(-1). Calculate the highest common factor of 90 and z.
9
Let u(b) = 62*b - 97. Let q be u(2). Let x(g) = g**3 - 7*g**2 + 9. Let k be x(7). Calculate the greatest common divisor of k and q.
9
Let d be 1 + (-5)/50*4 - 1864/(-10). Let a(g) = -g**3 + 5*g**2 + 2*g + 7. Let i be a(5). Calculate the greatest common divisor of i and d.
17
Suppose -4*q + q - 7 = 2*f, -2*f + 2*q = -18. Let h be (46/(-10) - (14 + -17))*10. Let w = 20 + h. Calculate the greatest common factor of w and f.
4
Let f be 13*((-1)/3 + 170/15). What is the highest common factor of 13 and f?
13
Let w be (5 + (3 - 3))/1. Suppose w*q - 46 = 4*g, -4*g = 5*q - q - 44. Calculate the greatest common divisor of 80 and q.
10
Let v be 2 + -5*(-1)/(20/32). What is the highest common factor of v and 4?
2
Suppose 5*n - 20 = 5*x, 10*x + 4*n - 16 = 5*x. Suppose -2*l = -x*l - 24. What is the highest common divisor of l and 8?
4
Let d(w) = -5*w**2 + 74*w - 5. Let u be d(11). Calculate the highest common divisor of 24 and u.
12
Let q = -2078 + 2249. Suppose f - 1 = 18. What is the greatest common divisor of f and q?
19
Suppose -5*a - 10 = -0*a - 5*j, 2*j = -5*a + 18. Suppose 0*y + 6 = -2*y + 2*m, 5*m = -4*y + 24. What is the greatest common factor of y and a?
1
Let d = -432 - -949. What is the highest common factor of d and 11?
11
Let t be (1/2)/((-3)/(-216)). Suppose 0*a + t = 3*a. Calculate the greatest common divisor of 6 and a.
6
Let f be (-12)/(-2)*(-132)/(-8). Suppose 34*j - 308 = 6*j. Calculate the highest common factor of j and f.
11
Suppose 26 + 14 = 3*c + 4*r, 4*c - 3*r = 45. Calculate the highest common divisor of 30 and c.
6
Suppose -2*s = -7*s. Let f = 42 + s. Calculate the greatest common divisor of 6 and f.
6
Let j = -318 + 376. Calculate the greatest common factor of j and 2.
2
Suppose 0 = -55*q + 182 + 38. Suppose 2*r - s - 86 = 0, 2*r = -5*s + 3*s + 92. Calculate the highest common factor of r and q.
4
Let w(s) be the first derivative of s**3/3 + 7*s**2/2 + 6*s + 2. Let l = -17 + 10. Let o be w(l). Calculate the highest common factor of o and 2.
2
Let r(k) = -2*k**3 + 3*k**2 + 2*k - 5. Let y be r(-3). Suppose 4*g - y + 18 = 0. What is the highest common factor of 65 and g?
13
Suppose 0 = 4*x - 4, -4*x - 12 = -13*q + 9*q. Calculate the greatest common divisor of q and 932.
4
Let b = 124 - 47. What is the highest common factor of b and 88?
11
Suppose 123 = 6*c - 177. Let j be (-10)/(((-9)/(-3))/(-3)). Calculate the highest common divisor of j and c.
10
Suppose 4*g + 5*a - 69 = -0, g = 3*a + 30. Let m = g - -17. Calculate the greatest common divisor of 19 and m.
19
Let x(d) = -d**2 - 12*d + 44. Let z be x(-13). Let i = -183 + 307. What is the greatest common divisor of i and z?
31
Let k(p) = 3*p**3 - p**2 - 3*p + 2. Let a be k(2). Let h be a/(-3)*9/(-6). Suppose -8*y + h = -6*y. What is the highest common divisor of 16 and y?
4
Suppose 3*h = -3*i - h + 73, 0 = 5*i + 5*h - 120. What is the highest common divisor of 69 and i?
23
Suppose -360 = -2*m + 2*l, -m - 5*l = -44 - 148. What is the highest common factor of 14 and m?
14
Let g(n) be the second derivative of -n**4/4 - 19*n**3/6 - 7*n**2/2 + 37*n. Let f be g(-5). Calculate the highest common factor of 65 and f.
13
Let b be 1 + ((-20)/(-2))/2. Let q(l) = 16*l - 2. Let v be q(b). Suppose 4*y + v = 5*x, 2*x = 3*x + 4*y - 14. Calculate the highest common factor of x and 54.
18
Suppose 37*p - 18*p = 114. Let s(b) = 59*b**2 - 2*b - 1. Let j be s(-1). Calculate the highest common factor of j and p.
6
Let a be (-1)/((-1)/(-30)*-2). Let u = a - 22. Let j be (-34 + 2)*14/u. Calculate the highest common divisor of 16 and j.
16
Let p(g) = g**2 + 63*g + 69. Let r be p(-63). Calculate the greatest common factor of 4209 and r.
69
Let w(t) = t**2 + 15*t - 130. Let o be w(-22). What is the highest common factor of o and 96?
24
Let f = 106 + -101. Suppose -2*q = 9 - 15. What is the highest common factor of f and q?
1
Suppose -3*z + 2*d + d = -57, 5*z - 113 = -d. Suppose 5*v - 1140 = -190. Suppose -v - 8 = -3*y. Calculate the greatest common divisor of z and y.
22
Let s be (3 - (-2)/(-4)) + (-10)/20. What is the greatest common divisor of s and 8?
2
Suppose 2*c - 15 = 3*c. Let g be (16/(-3))/(10/c). Let j be 4/g*4*5. Calculate the highest common factor of j and 70.
10
Let m(q) = -q**3 + 4*q**2 - q + 10. Let p be m(5). Let d be -1 - (-20 + p/4). What is the greatest common factor of 192 and d?
24
Let z = 96 - 93. Suppose z*u - 3*h = -2*h + 46, 76 = 4*u - 5*h. What is the highest common factor of 112 and u?
14
Let j = 8 + -14. Let z = 10 - j. Let f = 113 + 31. Calculate the highest common factor of f and z.
16
Let k(m) = m - 4. Let c be k(5). Calculate the greatest common divisor of 1 and c.
1
Suppose 3*i + 33 = 5*h - 78, 5*i = 2*h - 52. Calculate the greatest common divisor of h and 12.
3
Let d be 543/(-5) + 138/30 + -5. Let l = -103 - d. What is the highest common divisor of 3 and l?
3
Let r = 29 + -24. Suppose f + 5*v - 11 - 22 = 0, -r*v = -f + 63. Calculate the greatest common divisor of 8 and f.
8
Let v = -41 + 34. Let n be (-1 - -5) + (13 - v). What is the highest common factor of 60 and n?
12
Suppose -2*l + 28 = 4*j, 2*l + 3*j = 5*j + 22. Suppose -t = -0*t - 2*k + 4, 2*k = 5*t - l. What is the greatest common divisor of 1 and t?
1
Suppose -11*q + 25 = -8. Suppose -c + 3*d = -d - 33, -5*c - q*d = -165. What is the greatest common divisor of 132 and c?
33
Let p(k) = -57*k - 512. Let d be p(-11). Suppose 71 = -3*f + 209. Calculate the greatest common factor of f and d.
23
Let y(f) = 0 + 2*f - 8 + 10 + 10. Let i be y(-5). Suppose -3*o - 60 = -5*l + o, -l - 2*o - i = 0. What is the greatest common diviso